{"id":1258,"date":"2025-12-21T14:03:46","date_gmt":"2025-12-21T13:03:46","guid":{"rendered":"https:\/\/heli-divonne.fr\/?page_id=1258"},"modified":"2026-04-04T19:47:03","modified_gmt":"2026-04-04T17:47:03","slug":"symposium-2026","status":"publish","type":"page","link":"https:\/\/heli-divonne.fr\/index.php\/symposium-2026\/","title":{"rendered":"Symposium 2026"},"content":{"rendered":"\n<div class=\"is-horizontal is-content-justification-center is-layout-flex wp-container-1 wp-block-buttons\">\n<div class=\"wp-block-button\"><a class=\"wp-block-button__link has-background-color has-secondary-background-color has-text-color has-background wp-element-button\" href=\"https:\/\/heli-divonne.fr\/index.php\/symposium-2026-de\/\" style=\"border-radius:10px\">Deutsch<\/a><\/div>\n<\/div>\n\n\n\n<p class=\"has-text-align-left\">Le Symposium H\u00e9li-divonne aura lieu les 30 et 31 mai 2026.<\/p>\n\n\n\n<p>Accueil des pilotes possible d\u00e8s le jeudi, terrain \u00e0 disposition pour des vols libres.<\/p>\n\n\n\n<p>Rencontre r\u00e9serv\u00e9e aux h\u00e9licopt\u00e8res mod\u00e8les r\u00e9duits maquettes et semi maquettes.<\/p>\n\n\n\n<p>Cette rencontre qui se veut conviviale, d\u00e9contract\u00e9e et sans esprit de comp\u00e9tition se donne pour but de cr\u00e9er et entretenir les relations entre amoureux des voilures tournantes.<\/p>\n\n\n\n<p>La licence FFAM ou une assurance RC sera exig\u00e9e pour les \u00e9volutions.<br>Les pilotes doivent se conformer \u00e0 la r\u00e9glementation en vigueur.<br>Pour une liste d&#8217;h\u00f4tesls dans la r\u00e9gion, veuillez consulter le lien suivant :<br><\/p>\n\n\n\n<p>Pour une liste d&#8217;h\u00f4tels dans la r\u00e9gion, veuillez consulter le lien suivant<br> <a href=\"https:\/\/www.google.com\/maps\/search\/Hotels\/@46.3551753,6.1449368,13.75z\/data=!4m2!2m1!6e3\" data-type=\"URL\" data-id=\"https:\/\/www.google.com\/maps\/search\/Hotels\/@46.3551753,6.1449368,13.75z\/data=!4m2!2m1!6e3\">https:\/\/www.google.com\/maps\/search\/Hotels\/@46.3551753,6.1449368,13.75z\/data=!4m2!2m1!6e3<\/a> <\/p>\n\n\n\n<p>L&#8217;itin\u00e9raire sera fl\u00e9ch\u00e9 pour faciliter l&#8217;acc\u00e8s au terrain.<\/p>\n\n\n\n<div class=\"is-layout-flex wp-block-buttons\">\n<div class=\"wp-block-button\"><a class=\"wp-block-button__link has-background-color has-text-color wp-element-button\" href=\"https:\/\/heli-divonne.fr\/index.php\/inscription-au-sympo-2026\" style=\"border-radius:10px\">Formulaire d&#8217;inscription<\/a><\/div>\n<\/div>\n\n\n\n<h3 class=\"has-text-align-left\">Vendredi:<br><\/h3>\n\n\n\n<ul>\n<li>Ap\u00e9ritif offert aux participants, collation chaude<\/li>\n\n\n\n<li>Buvette vendredi apr\u00e8s midi, barbecue \u00e0 disposition<\/li>\n<\/ul>\n\n\n\n<h3>Le Samedi:<\/h3>\n\n\n\n<ul>\n<li>Des 8h30: Accueil des pilotes et enregistrement des radios (obligatoire m\u00eame les 2.4Ghz)<\/li>\n\n\n\n<li>Vols libres<\/li>\n\n\n\n<li>10h00 Briefing<\/li>\n\n\n\n<li>12h00: Apritif de bienvenue<\/li>\n\n\n\n<li>12h30: Repas : Mijot\u00e9 de boeuf du chef, frites ou polenta, sur inscription<\/li>\n\n\n\n<li>Vols libres sous contr\u00f4le de la r\u00e9gie radio<\/li>\n\n\n\n<li>19h30: Ap\u00e9ritif<\/li>\n\n\n\n<li>19h30: D\u00eener : Lasagnes della mamma, salade, tiramisu, sur inscription<\/li>\n\n\n\n<li>Reprise des vols pour les plus courageux.\u200b<\/li>\n<\/ul>\n\n\n\n<h2>Le Dimanche:<\/h2>\n\n\n\n<ul>\n<li>Des 8h30: Accueil et enregistrement des pilotes <\/li>\n\n\n\n<li>Vols libres<\/li>\n\n\n\n<li>10h00 Briefing<\/li>\n\n\n\n<li>12h15: Ap\u00e9ritif de bienvenue<\/li>\n\n\n\n<li>12h30: Repas : Saucisse \/ frites<\/li>\n\n\n\n<li>Vols libres<\/li>\n<\/ul>\n\n\n\n<p>Il est possible de camper sur place (places limit\u00e9es) <br>Buvette et petite cuisine les deux jours<br><br>A tr\u00e8s bient\u00f4t !<\/p>\n","protected":false},"excerpt":{"rendered":"<p>Le Symposium H\u00e9li-divonne aura lieu les 30 et 31 mai 2026. Accueil des pilotes possible d\u00e8s le jeudi, terrain \u00e0 disposition pour des vols libres. Rencontre r\u00e9serv\u00e9e aux h\u00e9licopt\u00e8res mod\u00e8les r\u00e9duits maquettes et semi maquettes. Cette rencontre qui se veut conviviale, d\u00e9contract\u00e9e et sans esprit de comp\u00e9tition se donne pour but de cr\u00e9er et entretenir [&hellip;]<\/p>\n","protected":false},"author":1,"featured_media":0,"parent":0,"menu_order":0,"comment_status":"closed","ping_status":"closed","template":"","meta":[],"_links":{"self":[{"href":"https:\/\/heli-divonne.fr\/index.php\/wp-json\/wp\/v2\/pages\/1258"}],"collection":[{"href":"https:\/\/heli-divonne.fr\/index.php\/wp-json\/wp\/v2\/pages"}],"about":[{"href":"https:\/\/heli-divonne.fr\/index.php\/wp-json\/wp\/v2\/types\/page"}],"author":[{"embeddable":true,"href":"https:\/\/heli-divonne.fr\/index.php\/wp-json\/wp\/v2\/users\/1"}],"replies":[{"embeddable":true,"href":"https:\/\/heli-divonne.fr\/index.php\/wp-json\/wp\/v2\/comments?post=1258"}],"version-history":[{"count":11,"href":"https:\/\/heli-divonne.fr\/index.php\/wp-json\/wp\/v2\/pages\/1258\/revisions"}],"predecessor-version":[{"id":1309,"href":"https:\/\/heli-divonne.fr\/index.php\/wp-json\/wp\/v2\/pages\/1258\/revisions\/1309"}],"wp:attachment":[{"href":"https:\/\/heli-divonne.fr\/index.php\/wp-json\/wp\/v2\/media?parent=1258"}],"curies":[{"name":"wp","href":"https:\/\/api.w.org\/{rel}","templated":true}]}}