{"id":1255,"date":"2025-12-21T13:58:24","date_gmt":"2025-12-21T12:58:24","guid":{"rendered":"https:\/\/heli-divonne.fr\/?page_id=1255"},"modified":"2025-12-21T13:58:24","modified_gmt":"2025-12-21T12:58:24","slug":"calendrier-2026","status":"publish","type":"page","link":"https:\/\/heli-divonne.fr\/index.php\/calendrier-2026\/","title":{"rendered":"Calendrier 2026"},"content":{"rendered":"\n<p>Veuillez nous informer des \u00e9v\u00e9nements de votre club et nous nous ferons un plaisir de les ajouter \u00e0 notre liste,&nbsp;<code><a href=\"http:\/\/heli-divonne.fr\/index.php\/nous-contacter\/\">contactez-nous<\/a><\/code><\/p>\n\n\n\n<table id=\"tablepress-4\" class=\"tablepress tablepress-id-4\">\n<thead>\n<tr class=\"row-1\">\n\t<th class=\"column-1\">Mois<\/th><th class=\"column-2\">Jours<\/th><th class=\"column-3\">Lieu<\/th><th class=\"column-4\">Activit\u00e9<\/th>\n<\/tr>\n<\/thead>\n<tbody class=\"row-hover\">\n<tr class=\"row-2\">\n\t<td class=\"column-1\">Mars<\/td><td class=\"column-2\">28\/29<\/td><td class=\"column-3\"><\/td><td class=\"column-4\"><\/td>\n<\/tr>\n<tr class=\"row-3\">\n\t<td class=\"column-1\">Avril<\/td><td class=\"column-2\">4\/5<\/td><td class=\"column-3\">Modell Airshow Loorholz \u2013 Leuggern \/ Schweiz<\/td><td class=\"column-4\"><a href=\"https:\/\/loorholz-flugtage.ch\/fruehjahrs-helitreffen\/\">Fr\u00fchjahrs - Helitreffen<\/a><\/td>\n<\/tr>\n<tr class=\"row-4\">\n\t<td class=\"column-1\"><\/td><td class=\"column-2\">11\/12<\/td><td class=\"column-3\"><\/td><td class=\"column-4\"><\/td>\n<\/tr>\n<tr class=\"row-5\">\n\t<td class=\"column-1\"><\/td><td class=\"column-2\">18\/16<\/td><td class=\"column-3\"><\/td><td class=\"column-4\"><\/td>\n<\/tr>\n<tr class=\"row-6\">\n\t<td class=\"column-1\"><\/td><td class=\"column-2\">26 avril - 3 mai<\/td><td class=\"column-3\">La Seu d'Urgell, Espa\u00f1a<\/td><td class=\"column-4\">Heliweek<\/td>\n<\/tr>\n<tr class=\"row-7\">\n\t<td class=\"column-1\">Mai<\/td><td class=\"column-2\">2\/3<\/td><td class=\"column-3\">Saint-Girod<br \/>\nModel Club Aix les Bains<\/td><td class=\"column-4\">Sympo h\u00e9lico<br \/>\ninscription : <a href=\"mailto:modelclub.saintgirod@gmail.com\">Yves Berlioz<\/a><\/td>\n<\/tr>\n<tr class=\"row-8\">\n\t<td class=\"column-1\"><\/td><td class=\"column-2\">9\/10<\/td><td class=\"column-3\"><\/td><td class=\"column-4\"><\/td>\n<\/tr>\n<tr class=\"row-9\">\n\t<td class=\"column-1\"><\/td><td class=\"column-2\">16\/17<\/td><td class=\"column-3\"><\/td><td class=\"column-4\"><\/td>\n<\/tr>\n<tr class=\"row-10\">\n\t<td class=\"column-1\"><\/td><td class=\"column-2\">22\/23\/24<\/td><td class=\"column-3\">MCBB Basse-Bodeux<\/td><td class=\"column-4\">RC-Scale Helidays<br \/>\ninfo : +32 475 72 96 93<\/td>\n<\/tr>\n<tr class=\"row-11\">\n\t<td class=\"column-1\"><\/td><td class=\"column-2\">30\/31<\/td><td class=\"column-3\"><a href=\"https:\/\/heli-divonne.fr\/index.php\/symposium-2026\/\">Divonne-Les-Bains<\/a><\/td><td class=\"column-4\"><a href=\"https:\/\/heli-divonne.fr\/index.php\/symposium-2026\/\">Sympo H\u00e9licos<\/a><\/td>\n<\/tr>\n<tr class=\"row-12\">\n\t<td class=\"column-1\">Juin<\/td><td class=\"column-2\">6\/7<\/td><td class=\"column-3\"><\/td><td class=\"column-4\"><\/td>\n<\/tr>\n<tr class=\"row-13\">\n\t<td class=\"column-1\"><\/td><td class=\"column-2\">13\/14<\/td><td class=\"column-3\"><\/td><td class=\"column-4\"><\/td>\n<\/tr>\n<tr class=\"row-14\">\n\t<td class=\"column-1\"><\/td><td class=\"column-2\">20\/21<\/td><td class=\"column-3\"><\/td><td class=\"column-4\"><\/td>\n<\/tr>\n<tr class=\"row-15\">\n\t<td class=\"column-1\"><\/td><td class=\"column-2\">26\/27\/28<\/td><td class=\"column-3\"><a href=\"https:\/\/heli-divonne.fr\/wp-content\/uploads\/2026\/01\/Chartreuse-2026.png\">Chartreuse <\/td><td class=\"column-4\">Sympo H\u00e9lico<br \/>\nacloitre@wanadoo.fr <\/td>\n<\/tr>\n<tr class=\"row-16\">\n\t<td class=\"column-1\">Juil.<\/td><td class=\"column-2\">4\/5<\/td><td class=\"column-3\">Vizille<br \/>\nClub Guynemer<\/td><td class=\"column-4\">Sympo H\u00e9lico maquete<br \/>\nInfo : <a href=\"mailto:olirier.rieth@free.fr\">Olivier Rieth<\/a><br \/>\n07 81 38 34 06<\/td>\n<\/tr>\n<tr class=\"row-17\">\n\t<td class=\"column-1\"><\/td><td class=\"column-2\">11\/12<\/td><td class=\"column-3\"><\/td><td class=\"column-4\"><\/td>\n<\/tr>\n<tr class=\"row-18\">\n\t<td class=\"column-1\"><\/td><td class=\"column-2\">18\/19<\/td><td class=\"column-3\"><\/td><td class=\"column-4\"><\/td>\n<\/tr>\n<tr class=\"row-19\">\n\t<td class=\"column-1\"><\/td><td class=\"column-2\">25\/26<\/td><td class=\"column-3\"><\/td><td class=\"column-4\"><\/td>\n<\/tr>\n<tr class=\"row-20\">\n\t<td class=\"column-1\">Ao\u00fbt<\/td><td class=\"column-2\">1\/2<\/td><td class=\"column-3\">Leuggern \u2013 B\u00f6ttstein<br \/>\nCH - Argau<\/td><td class=\"column-4\"><a href =\"https:\/\/loorholz-flugtage.ch\/loorholzflugtage\/\">Loorholz - Flugtage<\/a><\/td>\n<\/tr>\n<tr class=\"row-21\">\n\t<td class=\"column-1\"><\/td><td class=\"column-2\">8\/9<\/td><td class=\"column-3\"><\/td><td class=\"column-4\"><\/td>\n<\/tr>\n<tr class=\"row-22\">\n\t<td class=\"column-1\"><\/td><td class=\"column-2\">15\/16<\/td><td class=\"column-3\"><\/td><td class=\"column-4\"><\/td>\n<\/tr>\n<tr class=\"row-23\">\n\t<td class=\"column-1\"><\/td><td class=\"column-2\">22\/23<\/td><td class=\"column-3\"><\/td><td class=\"column-4\"><\/td>\n<\/tr>\n<tr class=\"row-24\">\n\t<td class=\"column-1\"><\/td><td class=\"column-2\">29\/30<\/td><td class=\"column-3\">Sainte Marie d'Alloix<\/td><td class=\"column-4\"><a href = \"https:\/\/heli-divonne.fr\/wp-content\/uploads\/2026\/02\/affiche-sympo-Ste-Marie-dAlloix-2026.pdf\">Sympo h\u00e9licos maquettes<\/a><\/td>\n<\/tr>\n<tr class=\"row-25\">\n\t<td class=\"column-1\">Sept.<\/td><td class=\"column-2\">5\/6<\/td><td class=\"column-3\"><\/td><td class=\"column-4\"><\/td>\n<\/tr>\n<tr class=\"row-26\">\n\t<td class=\"column-1\"><\/td><td class=\"column-2\">12\/13<\/td><td class=\"column-3\"><\/td><td class=\"column-4\"><\/td>\n<\/tr>\n<tr class=\"row-27\">\n\t<td class=\"column-1\"><\/td><td class=\"column-2\">19<\/td><td class=\"column-3\">N\u00eemes - Courbessac<\/td><td class=\"column-4\">Rencontre h\u00e9lico<br \/>\nanaquet30@gmail.com<\/td>\n<\/tr>\n<tr class=\"row-28\">\n\t<td class=\"column-1\"><\/td><td class=\"column-2\">26\/27<\/td><td class=\"column-3\"><\/td><td class=\"column-4\"><\/td>\n<\/tr>\n<\/tbody>\n<\/table>\n<!-- #tablepress-4 from cache -->\n","protected":false},"excerpt":{"rendered":"<p>Veuillez nous informer des \u00e9v\u00e9nements de votre club et nous nous ferons un plaisir de les ajouter \u00e0 notre liste,&nbsp;contactez-nous<\/p>\n","protected":false},"author":1,"featured_media":0,"parent":0,"menu_order":0,"comment_status":"closed","ping_status":"closed","template":"","meta":[],"_links":{"self":[{"href":"https:\/\/heli-divonne.fr\/index.php\/wp-json\/wp\/v2\/pages\/1255"}],"collection":[{"href":"https:\/\/heli-divonne.fr\/index.php\/wp-json\/wp\/v2\/pages"}],"about":[{"href":"https:\/\/heli-divonne.fr\/index.php\/wp-json\/wp\/v2\/types\/page"}],"author":[{"embeddable":true,"href":"https:\/\/heli-divonne.fr\/index.php\/wp-json\/wp\/v2\/users\/1"}],"replies":[{"embeddable":true,"href":"https:\/\/heli-divonne.fr\/index.php\/wp-json\/wp\/v2\/comments?post=1255"}],"version-history":[{"count":1,"href":"https:\/\/heli-divonne.fr\/index.php\/wp-json\/wp\/v2\/pages\/1255\/revisions"}],"predecessor-version":[{"id":1256,"href":"https:\/\/heli-divonne.fr\/index.php\/wp-json\/wp\/v2\/pages\/1255\/revisions\/1256"}],"wp:attachment":[{"href":"https:\/\/heli-divonne.fr\/index.php\/wp-json\/wp\/v2\/media?parent=1255"}],"curies":[{"name":"wp","href":"https:\/\/api.w.org\/{rel}","templated":true}]}}