{"id":1055,"date":"2024-12-02T20:14:42","date_gmt":"2024-12-02T19:14:42","guid":{"rendered":"https:\/\/heli-divonne.fr\/?page_id=1055"},"modified":"2026-03-22T17:01:16","modified_gmt":"2026-03-22T16:01:16","slug":"anmeldung-symposium-2026","status":"publish","type":"page","link":"https:\/\/heli-divonne.fr\/index.php\/anmeldung-symposium-2026\/","title":{"rendered":"Anmeldung Symposium 2026"},"content":{"rendered":"\n<p>Um unser Model Meeting besser zu organisieren, f\u00fcllen Sie bitte dieses Anmeldeformular aus, und Sie sparen Zeit bei Ihrer Ankunft. <\/p>\n\n\n\n<p>Best\u00e4tigen Sie bei der Ankunft Ihre Anwesenheit im Flugkontrollraum.<\/p>\n\n\n\n<div class=\"wp-block-contact-form-7-contact-form-selector\"><div class=\"wpcf7 no-js\" id=\"wpcf7-f1041-o1\" lang=\"en-US\" dir=\"ltr\">\n<div class=\"screen-reader-response\"><p role=\"status\" aria-live=\"polite\" aria-atomic=\"true\"><\/p> <ul><\/ul><\/div>\n<form action=\"\/index.php\/wp-json\/wp\/v2\/pages\/1055#wpcf7-f1041-o1\" method=\"post\" class=\"wpcf7-form init\" aria-label=\"Contact form\" novalidate=\"novalidate\" data-status=\"init\">\n<div style=\"display: none;\">\n<input type=\"hidden\" name=\"_wpcf7\" value=\"1041\" \/>\n<input type=\"hidden\" name=\"_wpcf7_version\" value=\"5.7.2\" \/>\n<input type=\"hidden\" name=\"_wpcf7_locale\" value=\"en_US\" \/>\n<input type=\"hidden\" name=\"_wpcf7_unit_tag\" value=\"wpcf7-f1041-o1\" \/>\n<input type=\"hidden\" name=\"_wpcf7_container_post\" value=\"0\" \/>\n<input type=\"hidden\" name=\"_wpcf7_posted_data_hash\" value=\"\" \/>\n<input type=\"hidden\" name=\"_wpcf7_recaptcha_response\" value=\"\" \/>\n<\/div>\n<p><label> Name Vorname (erforderlich)<br \/>\n<span class=\"wpcf7-form-control-wrap\" data-name=\"nom\"><input size=\"40\" class=\"wpcf7-form-control wpcf7-text wpcf7-validates-as-required\" aria-required=\"true\" aria-invalid=\"false\" value=\"\" type=\"text\" name=\"nom\" \/><\/span> <\/label>\n<\/p>\n<p><label> E-Mail-Adresse (erforderlich)<br \/>\n<span class=\"wpcf7-form-control-wrap\" data-name=\"adressedecourriel\"><input size=\"40\" class=\"wpcf7-form-control wpcf7-text wpcf7-email wpcf7-validates-as-required wpcf7-validates-as-email\" aria-required=\"true\" aria-invalid=\"false\" value=\"\" type=\"email\" name=\"adressedecourriel\" \/><\/span> <\/label>\n<\/p>\n<p><label> Postanschrift (erforderlich)<br \/>\n<span class=\"wpcf7-form-control-wrap\" data-name=\"addresspostale\"><textarea cols=\"40\" rows=\"10\" class=\"wpcf7-form-control wpcf7-textarea wpcf7-validates-as-required\" aria-required=\"true\" aria-invalid=\"false\" name=\"addresspostale\"><\/textarea><\/span> <\/label>\n<\/p>\n<p>W\u00e4hlen Sie eine<br \/>\n<span class=\"wpcf7-form-control-wrap\" data-name=\"assurancetype\"><span class=\"wpcf7-form-control wpcf7-radio\"><span class=\"wpcf7-list-item first\"><input type=\"radio\" name=\"assurancetype\" value=\"Zusicherung FFAM\" checked=\"checked\" tabindex=\"\" \/><span class=\"wpcf7-list-item-label\">Zusicherung FFAM<\/span><\/span><span class=\"wpcf7-list-item last\"><input type=\"radio\" name=\"assurancetype\" value=\"Privatversicherungen\" tabindex=\"\" \/><span class=\"wpcf7-list-item-label\">Privatversicherungen<\/span><\/span><\/span><\/span>\n<\/p>\n<p><label> FFAM-Kennzeichen oder private Versicherungsnummer (erforderlich)<br \/>\n<span class=\"wpcf7-form-control-wrap\" data-name=\"noassurance\"><input size=\"40\" class=\"wpcf7-form-control wpcf7-text\" aria-invalid=\"false\" value=\"\" type=\"text\" name=\"noassurance\" \/><\/span> <\/label>\n<\/p>\n<p><label> Aus welchem Club kommst du<br \/>\n<span class=\"wpcf7-form-control-wrap\" data-name=\"club\"><input size=\"40\" class=\"wpcf7-form-control wpcf7-text\" aria-invalid=\"false\" value=\"\" type=\"text\" name=\"club\" \/><\/span> <\/label>\n<\/p>\n<p><label> Repas samedi midi (personnes)<br \/>\n<span class=\"wpcf7-form-control-wrap\" data-name=\"sam-midi\"><input size=\"40\" class=\"wpcf7-form-control wpcf7-text\" aria-invalid=\"false\" value=\"\" type=\"text\" name=\"sam-midi\" \/><\/span> <\/label>\n<\/p>\n<p><label> Repas samedi soir (personnes)<br \/>\n<span class=\"wpcf7-form-control-wrap\" data-name=\"sam-soir\"><input size=\"40\" class=\"wpcf7-form-control wpcf7-text\" aria-invalid=\"false\" value=\"\" type=\"text\" name=\"sam-soir\" \/><\/span> <\/label>\n<\/p>\n<p><span class=\"wpcf7-form-control-wrap\" data-name=\"declaresurlhonneur-fr\"><span class=\"wpcf7-form-control wpcf7-acceptance\"><span class=\"wpcf7-list-item\"><label><input type=\"checkbox\" name=\"declaresurlhonneur-fr\" value=\"1\" aria-invalid=\"false\" \/><span class=\"wpcf7-list-item-label\">Ich erkl\u00e4re zu meiner Ehre das alle Daten richtig sind<\/span><\/label><\/span><\/span><\/span>\n<\/p>\n<p><input class=\"wpcf7-form-control has-spinner wpcf7-submit\" type=\"submit\" value=\"Senden Sie Ihr Anmeldeformular\" \/>\n<\/p><p style=\"display: none !important;\" class=\"akismet-fields-container\" data-prefix=\"_wpcf7_ak_\"><label>&#916;<textarea name=\"_wpcf7_ak_hp_textarea\" cols=\"45\" rows=\"8\" maxlength=\"100\"><\/textarea><\/label><input type=\"hidden\" id=\"ak_js_1\" name=\"_wpcf7_ak_js\" value=\"219\"\/><script>\ndocument.getElementById( \"ak_js_1\" ).setAttribute( \"value\", ( new Date() ).getTime() );\n<\/script>\n<\/p><div class=\"wpcf7-response-output\" aria-hidden=\"true\"><\/div><\/form><\/div><\/div>\n\n\n\n<p><\/p>\n\n\n\n<h2>Datenschutzhinweis<\/h2>\n\n\n\n<p>Der Verein Heli Divonne sammelt die Informationen, die f\u00fcr die Durchf\u00fchrung des Symposiums und die Kommunikation mit unseren G\u00e4sten notwendig sind. <br><br>Alle personenbezogenen Daten werden innerhalb von 2 Monaten nach Ende der Veranstaltung gel\u00f6scht.<br><br>Ihre personenbezogenen Daten werden nicht an Dritte au\u00dferhalb des Verbandes weitergegeben.<br><br>Ihre personenbezogenen Daten werden nur f\u00fcr andere Zwecke als die im Zusammenhang mit dem Symposium verwendet.<br><br>Wenn Sie mit der oben beschriebenen Verwendung Ihrer personenbezogenen Daten nicht einverstanden sind und dennoch am Symposium teilnehmen m\u00f6chten, verwenden Sie bitte das Kontaktformular auf der Website und ein Mitglied des Ausschusses wird sich mit Ihnen in Verbindung setzen.<br><br>Wenn Sie Fragen zur Verwendung Ihrer personenbezogenen Daten haben, nutzen Sie bitte das Kontaktformular auf der Website.<\/p>\n","protected":false},"excerpt":{"rendered":"<p>Um unser Model Meeting besser zu organisieren, f\u00fcllen Sie bitte dieses Anmeldeformular aus, und Sie sparen Zeit bei Ihrer Ankunft. Best\u00e4tigen Sie bei der Ankunft Ihre Anwesenheit im Flugkontrollraum. Datenschutzhinweis Der Verein Heli Divonne sammelt die Informationen, die f\u00fcr die Durchf\u00fchrung des Symposiums und die Kommunikation mit unseren G\u00e4sten notwendig sind. Alle personenbezogenen Daten werden [&hellip;]<\/p>\n","protected":false},"author":1,"featured_media":0,"parent":0,"menu_order":0,"comment_status":"closed","ping_status":"closed","template":"","meta":[],"_links":{"self":[{"href":"https:\/\/heli-divonne.fr\/index.php\/wp-json\/wp\/v2\/pages\/1055"}],"collection":[{"href":"https:\/\/heli-divonne.fr\/index.php\/wp-json\/wp\/v2\/pages"}],"about":[{"href":"https:\/\/heli-divonne.fr\/index.php\/wp-json\/wp\/v2\/types\/page"}],"author":[{"embeddable":true,"href":"https:\/\/heli-divonne.fr\/index.php\/wp-json\/wp\/v2\/users\/1"}],"replies":[{"embeddable":true,"href":"https:\/\/heli-divonne.fr\/index.php\/wp-json\/wp\/v2\/comments?post=1055"}],"version-history":[{"count":3,"href":"https:\/\/heli-divonne.fr\/index.php\/wp-json\/wp\/v2\/pages\/1055\/revisions"}],"predecessor-version":[{"id":1297,"href":"https:\/\/heli-divonne.fr\/index.php\/wp-json\/wp\/v2\/pages\/1055\/revisions\/1297"}],"wp:attachment":[{"href":"https:\/\/heli-divonne.fr\/index.php\/wp-json\/wp\/v2\/media?parent=1055"}],"curies":[{"name":"wp","href":"https:\/\/api.w.org\/{rel}","templated":true}]}}